{"id":6665,"date":"2023-06-07T13:30:06","date_gmt":"2023-06-07T11:30:06","guid":{"rendered":"https:\/\/sc-aix.fr\/?page_id=6665"},"modified":"2025-11-28T02:58:43","modified_gmt":"2025-11-28T01:58:43","slug":"actualites-association","status":"publish","type":"page","link":"https:\/\/sc-aix.fr\/index.php\/actualites-association\/","title":{"rendered":"Actualit\u00e9s"},"content":{"rendered":"<div class=\"wpb-content-wrapper\"><p>[vc_row][vc_column css_animation=&#8221;fadeInUp&#8221;]<div class=\"rs-blog-grid rs-blog \">\n\t\t\t\t\t<div class=\"row\"><div class=\"blog-item col-lg-6 col-md-12 style2 \">\n\t\t\t\t\t\t\t\t\t<div class=\"blog-img image-scale\">\n\t\t\t\t\t\t\t\t\t\t<div class=\"image-wrap\"><a href=\"https:\/\/sc-aix.fr\/?post_type=post&p=16177\"> <img loading=\"lazy\" decoding=\"async\" width=\"1536\" height=\"1024\" src=\"https:\/\/sc-aix.fr\/wp-content\/uploads\/2026\/04\/Devenez-partenaire-du-SCAF-feminin.png\" class=\"attachment-post-thumbnail size-post-thumbnail wp-post-image\" alt=\"Devenez partenaire du SCAF f\u00e9minin\" srcset=\"https:\/\/sc-aix.fr\/wp-content\/uploads\/2026\/04\/Devenez-partenaire-du-SCAF-feminin.png 1536w, https:\/\/sc-aix.fr\/wp-content\/uploads\/2026\/04\/Devenez-partenaire-du-SCAF-feminin-300x200.png 300w, https:\/\/sc-aix.fr\/wp-content\/uploads\/2026\/04\/Devenez-partenaire-du-SCAF-feminin-1024x683.png 1024w, https:\/\/sc-aix.fr\/wp-content\/uploads\/2026\/04\/Devenez-partenaire-du-SCAF-feminin-768x512.png 768w, https:\/\/sc-aix.fr\/wp-content\/uploads\/2026\/04\/Devenez-partenaire-du-SCAF-feminin-128x85.png 128w, https:\/\/sc-aix.fr\/wp-content\/uploads\/2026\/04\/Devenez-partenaire-du-SCAF-feminin-32x21.png 32w, https:\/\/sc-aix.fr\/wp-content\/uploads\/2026\/04\/Devenez-partenaire-du-SCAF-feminin-600x400.png 600w\" sizes=\"auto, (max-width: 1536px) 100vw, 1536px\" \/> <\/a><\/div>\n\t\t\t\t\t\t\t\t\t\t<div class=\"all-meta\">\n\t\t\t\t\t\t\t\t\t\t\t<div class=\"meta meta-date\">\n\t\t\t\t\t\t\t\t\t\t<span class=\"month-day\">13<\/span>\n                                        <span class=\"month-name\">Avr<\/span>\n\t\t\t\t\t\t\t\t<\/div>\n\t\t\t\t\t\t\t\t\t \t\t<div class=\"meta author\"><i class=\"glyph-icon flaticon-user-1\"><\/i> <span class=\"author\"> SCAF<\/span><\/div>\n\t\t\t\t\t\t\t\t \t\t<\/div>\n\t\t\t\t\t\t\t\t \t<\/div>\n\t\t\t\t\t\t\t\t<div class=\"bottom-shadow1 blog-meta \">\n\t\t\t\t\t\t\t\t\t\t<h3 class=\"blog-title\"><a href=\"https:\/\/sc-aix.fr\/?post_type=post&p=16177\"> Programme partenaires <\/a><\/h3>\n\t\t\t\t\t\t\t\t\t\t<div class=\"blog-desc\">\n\t\t\t\t\t\t\t\tLe Soccer Club Aix-en-Provence F\u00e9minines (SCAF) franchit une nouvelle \u00e9tape dans son d\u00e9veloppement avec le lancement officiel de son programme partenaires 2027. Club 100% f\u00e9minin en pleine structuration, le SCAF s\u2019appuie sur des valeurs fortes : engagement, performance, inclusion...\n\t\t\t\t\t\t\t<\/div>\n\t\t\t\t\t\t\t\t\t\t<div class=\"blog-button\"><a href=\"https:\/\/sc-aix.fr\/?post_type=post&#038;p=16177\">En savoir plus<\/a><\/div>\n\t\t\t\t\t\t\t\t<\/div>\n\t\t\t\t\t\t\t<\/div><div class=\"blog-item col-lg-6 col-md-12 style2 \">\n\t\t\t\t\t\t\t\t\t<div class=\"blog-img image-scale\">\n\t\t\t\t\t\t\t\t\t\t<div class=\"image-wrap\"><a href=\"https:\/\/sc-aix.fr\/?post_type=post&p=15844\"> <img loading=\"lazy\" decoding=\"async\" width=\"1200\" height=\"740\" src=\"https:\/\/sc-aix.fr\/wp-content\/uploads\/2026\/01\/sporteasy.webp\" class=\"attachment-post-thumbnail size-post-thumbnail wp-post-image\" alt=\"SportEasy\" srcset=\"https:\/\/sc-aix.fr\/wp-content\/uploads\/2026\/01\/sporteasy.webp 1200w, https:\/\/sc-aix.fr\/wp-content\/uploads\/2026\/01\/sporteasy-300x185.webp 300w, https:\/\/sc-aix.fr\/wp-content\/uploads\/2026\/01\/sporteasy-1024x631.webp 1024w, https:\/\/sc-aix.fr\/wp-content\/uploads\/2026\/01\/sporteasy-768x474.webp 768w, https:\/\/sc-aix.fr\/wp-content\/uploads\/2026\/01\/sporteasy-255x157.webp 255w, https:\/\/sc-aix.fr\/wp-content\/uploads\/2026\/01\/sporteasy-128x79.webp 128w, https:\/\/sc-aix.fr\/wp-content\/uploads\/2026\/01\/sporteasy-32x20.webp 32w, https:\/\/sc-aix.fr\/wp-content\/uploads\/2026\/01\/sporteasy-600x370.webp 600w\" sizes=\"auto, (max-width: 1200px) 100vw, 1200px\" \/> <\/a><\/div>\n\t\t\t\t\t\t\t\t\t\t<div class=\"all-meta\">\n\t\t\t\t\t\t\t\t\t\t\t<div class=\"meta meta-date\">\n\t\t\t\t\t\t\t\t\t\t<span class=\"month-day\">28<\/span>\n                                        <span class=\"month-name\">F\u00e9v<\/span>\n\t\t\t\t\t\t\t\t<\/div>\n\t\t\t\t\t\t\t\t\t \t\t<div class=\"meta author\"><i class=\"glyph-icon flaticon-user-1\"><\/i> <span class=\"author\"> SCAF<\/span><\/div>\n\t\t\t\t\t\t\t\t \t\t<\/div>\n\t\t\t\t\t\t\t\t \t<\/div>\n\t\t\t\t\t\t\t\t<div class=\"bottom-shadow1 blog-meta \">\n\t\t\t\t\t\t\t\t\t\t<h3 class=\"blog-title\"><a href=\"https:\/\/sc-aix.fr\/?post_type=post&p=15844\"> Nous sommes officiellement Club Ambassadeur SportEasy 2026 ! <\/a><\/h3>\n\t\t\t\t\t\t\t\t\t\t<div class=\"blog-desc\">\n\t\t\t\t\t\t\t\tNous sommes tr\u00e8s heureux d\u2019annoncer que le Soccer Club Aix-en-Provence F\u00e9minin a \u00e9t\u00e9 retenu comme l\u2019un des 26 Clubs Ambassadeurs SportEasy 2026, parmi des clubs de tous sports confondus ! \ud83c\udf89 Cette s\u00e9lection est une belle reconnaissance de notre...\n\t\t\t\t\t\t\t<\/div>\n\t\t\t\t\t\t\t\t\t\t<div class=\"blog-button\"><a href=\"https:\/\/sc-aix.fr\/?post_type=post&#038;p=15844\">En savoir plus<\/a><\/div>\n\t\t\t\t\t\t\t\t<\/div>\n\t\t\t\t\t\t\t<\/div><div class=\"blog-item col-lg-6 col-md-12 style2 \">\n\t\t\t\t\t\t\t\t\t<div class=\"blog-img image-scale\">\n\t\t\t\t\t\t\t\t\t\t<div class=\"image-wrap\"><a href=\"https:\/\/sc-aix.fr\/?post_type=post&p=15969\"> <img loading=\"lazy\" decoding=\"async\" width=\"1200\" height=\"740\" src=\"https:\/\/sc-aix.fr\/wp-content\/uploads\/2026\/02\/suede.webp\" class=\"attachment-post-thumbnail size-post-thumbnail wp-post-image\" alt=\"Su\u00e8de\" srcset=\"https:\/\/sc-aix.fr\/wp-content\/uploads\/2026\/02\/suede.webp 1200w, https:\/\/sc-aix.fr\/wp-content\/uploads\/2026\/02\/suede-300x185.webp 300w, https:\/\/sc-aix.fr\/wp-content\/uploads\/2026\/02\/suede-1024x631.webp 1024w, https:\/\/sc-aix.fr\/wp-content\/uploads\/2026\/02\/suede-768x474.webp 768w, https:\/\/sc-aix.fr\/wp-content\/uploads\/2026\/02\/suede-255x157.webp 255w, https:\/\/sc-aix.fr\/wp-content\/uploads\/2026\/02\/suede-128x79.webp 128w, https:\/\/sc-aix.fr\/wp-content\/uploads\/2026\/02\/suede-32x20.webp 32w, https:\/\/sc-aix.fr\/wp-content\/uploads\/2026\/02\/suede-600x370.webp 600w\" sizes=\"auto, (max-width: 1200px) 100vw, 1200px\" \/> <\/a><\/div>\n\t\t\t\t\t\t\t\t\t\t<div class=\"all-meta\">\n\t\t\t\t\t\t\t\t\t\t\t<div class=\"meta meta-date\">\n\t\t\t\t\t\t\t\t\t\t<span class=\"month-day\">24<\/span>\n                                        <span class=\"month-name\">F\u00e9v<\/span>\n\t\t\t\t\t\t\t\t<\/div>\n\t\t\t\t\t\t\t\t\t \t\t<div class=\"meta author\"><i class=\"glyph-icon flaticon-user-1\"><\/i> <span class=\"author\"> SCAF<\/span><\/div>\n\t\t\t\t\t\t\t\t \t\t<\/div>\n\t\t\t\t\t\t\t\t \t<\/div>\n\t\t\t\t\t\t\t\t<div class=\"bottom-shadow1 blog-meta \">\n\t\t\t\t\t\t\t\t\t\t<h3 class=\"blog-title\"><a href=\"https:\/\/sc-aix.fr\/?post_type=post&p=15969\"> Un Pont Culturel par le Football : L\u2019\u00c9change Su\u00e9dois \u00e0 Aix <\/a><\/h3>\n\t\t\t\t\t\t\t\t\t\t<div class=\"blog-desc\">\n\t\t\t\t\t\t\t\tAu Soccer Club Aix-en-Provence F\u00e9minin, le football ne s\u2019arr\u00eate pas au terrain : il ouvre des horizons. Chaque ann\u00e9e, nous accueillons une dizaine de Su\u00e9doises, jeunes et moins jeunes, qui enrichissent notre club bien au-del\u00e0 du sport. Certaines contribuent...\n\t\t\t\t\t\t\t<\/div>\n\t\t\t\t\t\t\t\t\t\t<div class=\"blog-button\"><a href=\"https:\/\/sc-aix.fr\/?post_type=post&#038;p=15969\">En savoir plus<\/a><\/div>\n\t\t\t\t\t\t\t\t<\/div>\n\t\t\t\t\t\t\t<\/div><div class=\"blog-item col-lg-6 col-md-12 style2 \">\n\t\t\t\t\t\t\t\t\t<div class=\"blog-img image-scale\">\n\t\t\t\t\t\t\t\t\t\t<div class=\"image-wrap\"><a href=\"https:\/\/sc-aix.fr\/?post_type=post&p=15818\"> <img loading=\"lazy\" decoding=\"async\" width=\"1200\" height=\"740\" src=\"https:\/\/sc-aix.fr\/wp-content\/uploads\/2026\/12\/bonne_annee_2026.webp\" class=\"attachment-post-thumbnail size-post-thumbnail wp-post-image\" alt=\"Bonne ann\u00e9e 2026\" srcset=\"https:\/\/sc-aix.fr\/wp-content\/uploads\/2026\/12\/bonne_annee_2026.webp 1200w, https:\/\/sc-aix.fr\/wp-content\/uploads\/2026\/12\/bonne_annee_2026-300x185.webp 300w, https:\/\/sc-aix.fr\/wp-content\/uploads\/2026\/12\/bonne_annee_2026-1024x631.webp 1024w, https:\/\/sc-aix.fr\/wp-content\/uploads\/2026\/12\/bonne_annee_2026-768x474.webp 768w, https:\/\/sc-aix.fr\/wp-content\/uploads\/2026\/12\/bonne_annee_2026-255x157.webp 255w, https:\/\/sc-aix.fr\/wp-content\/uploads\/2026\/12\/bonne_annee_2026-128x79.webp 128w, https:\/\/sc-aix.fr\/wp-content\/uploads\/2026\/12\/bonne_annee_2026-32x20.webp 32w, https:\/\/sc-aix.fr\/wp-content\/uploads\/2026\/12\/bonne_annee_2026-600x370.webp 600w\" sizes=\"auto, (max-width: 1200px) 100vw, 1200px\" \/> <\/a><\/div>\n\t\t\t\t\t\t\t\t\t\t<div class=\"all-meta\">\n\t\t\t\t\t\t\t\t\t\t\t<div class=\"meta meta-date\">\n\t\t\t\t\t\t\t\t\t\t<span class=\"month-day\">01<\/span>\n                                        <span class=\"month-name\">Jan<\/span>\n\t\t\t\t\t\t\t\t<\/div>\n\t\t\t\t\t\t\t\t\t \t\t<div class=\"meta author\"><i class=\"glyph-icon flaticon-user-1\"><\/i> <span class=\"author\"> SCAF<\/span><\/div>\n\t\t\t\t\t\t\t\t \t\t<\/div>\n\t\t\t\t\t\t\t\t \t<\/div>\n\t\t\t\t\t\t\t\t<div class=\"bottom-shadow1 blog-meta \">\n\t\t\t\t\t\t\t\t\t\t<h3 class=\"blog-title\"><a href=\"https:\/\/sc-aix.fr\/?post_type=post&p=15818\"> Bonne ann\u00e9e 2026 \u00e0 toute la famille du Soccer Club ! <\/a><\/h3>\n\t\t\t\t\t\t\t\t\t\t<div class=\"blog-desc\">\n\t\t\t\t\t\t\t\t\u00c0 l\u2019aube de cette nouvelle ann\u00e9e, l\u2019ensemble du Soccer Club tient \u00e0 adresser ses meilleurs v\u0153ux pour 2026 \u00e0 toutes celles et ceux qui font vivre le club au quotidien. Joueuses, \u00e9ducateurs et \u00e9ducatrices, b\u00e9n\u00e9voles, dirigeants, familles, partenaires et...\n\t\t\t\t\t\t\t<\/div>\n\t\t\t\t\t\t\t\t\t\t<div class=\"blog-button\"><a href=\"https:\/\/sc-aix.fr\/?post_type=post&#038;p=15818\">En savoir plus<\/a><\/div>\n\t\t\t\t\t\t\t\t<\/div>\n\t\t\t\t\t\t\t<\/div><div class=\"blog-item col-lg-6 col-md-12 style2 \">\n\t\t\t\t\t\t\t\t\t<div class=\"blog-img image-scale\">\n\t\t\t\t\t\t\t\t\t\t<div class=\"image-wrap\"><a href=\"https:\/\/sc-aix.fr\/?post_type=post&p=15798\"> <img loading=\"lazy\" decoding=\"async\" width=\"1200\" height=\"740\" src=\"https:\/\/sc-aix.fr\/wp-content\/uploads\/2025\/12\/sainte_victoire.webp\" class=\"attachment-post-thumbnail size-post-thumbnail wp-post-image\" alt=\"Pub Restaurant Sainte Victoire Aix\" srcset=\"https:\/\/sc-aix.fr\/wp-content\/uploads\/2025\/12\/sainte_victoire.webp 1200w, https:\/\/sc-aix.fr\/wp-content\/uploads\/2025\/12\/sainte_victoire-300x185.webp 300w, https:\/\/sc-aix.fr\/wp-content\/uploads\/2025\/12\/sainte_victoire-1024x631.webp 1024w, https:\/\/sc-aix.fr\/wp-content\/uploads\/2025\/12\/sainte_victoire-768x474.webp 768w, https:\/\/sc-aix.fr\/wp-content\/uploads\/2025\/12\/sainte_victoire-255x157.webp 255w, https:\/\/sc-aix.fr\/wp-content\/uploads\/2025\/12\/sainte_victoire-128x79.webp 128w, https:\/\/sc-aix.fr\/wp-content\/uploads\/2025\/12\/sainte_victoire-32x20.webp 32w, https:\/\/sc-aix.fr\/wp-content\/uploads\/2025\/12\/sainte_victoire-600x370.webp 600w\" sizes=\"auto, (max-width: 1200px) 100vw, 1200px\" \/> <\/a><\/div>\n\t\t\t\t\t\t\t\t\t\t<div class=\"all-meta\">\n\t\t\t\t\t\t\t\t\t\t\t<div class=\"meta meta-date\">\n\t\t\t\t\t\t\t\t\t\t<span class=\"month-day\">19<\/span>\n                                        <span class=\"month-name\">D\u00e9c<\/span>\n\t\t\t\t\t\t\t\t<\/div>\n\t\t\t\t\t\t\t\t\t \t\t<div class=\"meta author\"><i class=\"glyph-icon flaticon-user-1\"><\/i> <span class=\"author\"> SCAF<\/span><\/div>\n\t\t\t\t\t\t\t\t \t\t<\/div>\n\t\t\t\t\t\t\t\t \t<\/div>\n\t\t\t\t\t\t\t\t<div class=\"bottom-shadow1 blog-meta \">\n\t\t\t\t\t\t\t\t\t\t<h3 class=\"blog-title\"><a href=\"https:\/\/sc-aix.fr\/?post_type=post&p=15798\"> Un Repas de No\u00ebl Convivial pour Toutes Nos Cat\u00e9gories ! <\/a><\/h3>\n\t\t\t\t\t\t\t\t\t\t<div class=\"blog-desc\">\n\t\t\t\t\t\t\t\tNous sommes ravis de partager un moment fort de cette fin d\u2019ann\u00e9e : nos traditionnels repas de No\u00ebl, organis\u00e9s pour chaque cat\u00e9gorie au pub-restaurant Sainte Victoire, l\u2019un de nos pr\u00e9cieux partenaires \u00e0 Aix-en-Provence.1 Avec environ trente personnes r\u00e9unies par...\n\t\t\t\t\t\t\t<\/div>\n\t\t\t\t\t\t\t\t\t\t<div class=\"blog-button\"><a href=\"https:\/\/sc-aix.fr\/?post_type=post&#038;p=15798\">En savoir plus<\/a><\/div>\n\t\t\t\t\t\t\t\t<\/div>\n\t\t\t\t\t\t\t<\/div><div class=\"blog-item col-lg-6 col-md-12 style2 \">\n\t\t\t\t\t\t\t\t\t<div class=\"blog-img image-scale\">\n\t\t\t\t\t\t\t\t\t\t<div class=\"image-wrap\"><a href=\"https:\/\/sc-aix.fr\/?post_type=post&p=15788\"> <img loading=\"lazy\" decoding=\"async\" width=\"1200\" height=\"740\" src=\"https:\/\/sc-aix.fr\/wp-content\/uploads\/2025\/12\/article_om_laprovence.webp\" class=\"attachment-post-thumbnail size-post-thumbnail wp-post-image\" alt=\"Les Marseillaises et Aixoises\" srcset=\"https:\/\/sc-aix.fr\/wp-content\/uploads\/2025\/12\/article_om_laprovence.webp 1200w, https:\/\/sc-aix.fr\/wp-content\/uploads\/2025\/12\/article_om_laprovence-300x185.webp 300w, https:\/\/sc-aix.fr\/wp-content\/uploads\/2025\/12\/article_om_laprovence-1024x631.webp 1024w, https:\/\/sc-aix.fr\/wp-content\/uploads\/2025\/12\/article_om_laprovence-768x474.webp 768w, https:\/\/sc-aix.fr\/wp-content\/uploads\/2025\/12\/article_om_laprovence-255x157.webp 255w, https:\/\/sc-aix.fr\/wp-content\/uploads\/2025\/12\/article_om_laprovence-128x79.webp 128w, https:\/\/sc-aix.fr\/wp-content\/uploads\/2025\/12\/article_om_laprovence-32x20.webp 32w, https:\/\/sc-aix.fr\/wp-content\/uploads\/2025\/12\/article_om_laprovence-600x370.webp 600w\" sizes=\"auto, (max-width: 1200px) 100vw, 1200px\" \/> <\/a><\/div>\n\t\t\t\t\t\t\t\t\t\t<div class=\"all-meta\">\n\t\t\t\t\t\t\t\t\t\t\t<div class=\"meta meta-date\">\n\t\t\t\t\t\t\t\t\t\t<span class=\"month-day\">17<\/span>\n                                        <span class=\"month-name\">D\u00e9c<\/span>\n\t\t\t\t\t\t\t\t<\/div>\n\t\t\t\t\t\t\t\t\t \t\t<div class=\"meta author\"><i class=\"glyph-icon flaticon-user-1\"><\/i> <span class=\"author\"> SCAF<\/span><\/div>\n\t\t\t\t\t\t\t\t \t\t<\/div>\n\t\t\t\t\t\t\t\t \t<\/div>\n\t\t\t\t\t\t\t\t<div class=\"bottom-shadow1 blog-meta \">\n\t\t\t\t\t\t\t\t\t\t<h3 class=\"blog-title\"><a href=\"https:\/\/sc-aix.fr\/?post_type=post&p=15788\"> Quand l\u2019OM partage son quotidien avec les Aixoises <\/a><\/h3>\n\t\t\t\t\t\t\t\t\t\t<div class=\"blog-desc\">\n\t\t\t\t\t\t\t\tNous avons eu la joie de voir notre club \u00e0 l\u2019honneur dans La Provence gr\u00e2ce \u00e0 un article sign\u00e9 Jean-Charles Brandes. L\u2019article raconte comment nos joueuses du Soccer Club Aix-en-Provence F\u00e9minines ont partag\u00e9 une journ\u00e9e inoubliable avec l\u2019OM Campus...\n\t\t\t\t\t\t\t<\/div>\n\t\t\t\t\t\t\t\t\t\t<div class=\"blog-button\"><a href=\"https:\/\/sc-aix.fr\/?post_type=post&#038;p=15788\">En savoir plus<\/a><\/div>\n\t\t\t\t\t\t\t\t<\/div>\n\t\t\t\t\t\t\t<\/div><\/div><div class=\"pagination-area\"><div class=\"nav-links\"><span aria-label=\"Page 1\" aria-current=\"page\" class=\"page-numbers current\">1<\/span>\n<a aria-label=\"Page 2\" class=\"page-numbers\" href=\"https:\/\/sc-aix.fr\/index.php\/wp-json\/wp\/v2\/pages\/6665\/page\/2\/\">2<\/a>\n<a aria-label=\"Page 3\" class=\"page-numbers\" href=\"https:\/\/sc-aix.fr\/index.php\/wp-json\/wp\/v2\/pages\/6665\/page\/3\/\">3<\/a>\n<span class=\"page-numbers dots\">\u2026<\/span>\n<a aria-label=\"Page 8\" class=\"page-numbers\" href=\"https:\/\/sc-aix.fr\/index.php\/wp-json\/wp\/v2\/pages\/6665\/page\/8\/\">8<\/a>\n<a class=\"next page-numbers\" href=\"https:\/\/sc-aix.fr\/index.php\/wp-json\/wp\/v2\/pages\/6665\/page\/2\/\">Suivant\u00a0\u00bb<\/a><\/div><\/div><\/div>[\/vc_column][\/vc_row]<\/p>\n<\/div>","protected":false},"excerpt":{"rendered":"<p>[vc_row][vc_column css_animation=&#8221;fadeInUp&#8221;][\/vc_column]&#8230;<\/p>\n","protected":false},"author":1,"featured_media":0,"parent":0,"menu_order":0,"comment_status":"closed","ping_status":"closed","template":"","meta":{"rs_blank_template":"","rs_page_bg_color":"","slide_template_v7":"","footnotes":""},"class_list":["post-6665","page","type-page","status-publish","hentry"],"yoast_head":"<!-- This site is optimized with the Yoast SEO plugin v27.4 - https:\/\/yoast.com\/product\/yoast-seo-wordpress\/ -->\n<title>Actualit\u00e9s | Site officiel du Soccer Club Aix-en-Provence F\u00e9minines<\/title>\n<meta name=\"description\" content=\"Page du club de football f\u00e9minin SCAF fond\u00e9 en 2023 \u00e0 Aix-en-Provence pr\u00e8s de Luynes, Bouc Bel Air, Gardanne et Marseille.\" \/>\n<meta name=\"robots\" content=\"index, follow, max-snippet:-1, max-image-preview:large, max-video-preview:-1\" \/>\n<link rel=\"canonical\" href=\"https:\/\/sc-aix.fr\/index.php\/actualites-association\/\" \/>\n<meta property=\"og:locale\" content=\"fr_FR\" \/>\n<meta property=\"og:type\" content=\"article\" \/>\n<meta property=\"og:title\" content=\"Actualit\u00e9s | Site officiel du Soccer Club Aix-en-Provence F\u00e9minines\" \/>\n<meta property=\"og:description\" content=\"Page du club de football f\u00e9minin SCAF fond\u00e9 en 2023 \u00e0 Aix-en-Provence pr\u00e8s de Luynes, Bouc Bel Air, Gardanne et Marseille.\" \/>\n<meta property=\"og:url\" content=\"https:\/\/sc-aix.fr\/index.php\/actualites-association\/\" \/>\n<meta property=\"og:site_name\" content=\"Site officiel du Soccer Club Aix-en-Provence F\u00e9minines\" \/>\n<meta property=\"article:publisher\" content=\"https:\/\/www.facebook.com\/SportingClubAixois\/\" \/>\n<meta property=\"article:modified_time\" content=\"2025-11-28T01:58:43+00:00\" \/>\n<meta property=\"og:image\" content=\"https:\/\/sc-aix.fr\/wp-content\/uploads\/2023\/09\/logo_yoast.jpg\" \/>\n\t<meta property=\"og:image:width\" content=\"1200\" \/>\n\t<meta property=\"og:image:height\" content=\"675\" \/>\n\t<meta property=\"og:image:type\" content=\"image\/jpeg\" \/>\n<script type=\"application\/ld+json\" class=\"yoast-schema-graph\">{\"@context\":\"https:\\\/\\\/schema.org\",\"@graph\":[{\"@type\":\"WebPage\",\"@id\":\"https:\\\/\\\/sc-aix.fr\\\/index.php\\\/actualites-association\\\/\",\"url\":\"https:\\\/\\\/sc-aix.fr\\\/index.php\\\/actualites-association\\\/\",\"name\":\"Actualit\u00e9s | Site officiel du Soccer Club Aix-en-Provence F\u00e9minines\",\"isPartOf\":{\"@id\":\"https:\\\/\\\/sc-aix.fr\\\/#website\"},\"datePublished\":\"2023-06-07T11:30:06+00:00\",\"dateModified\":\"2025-11-28T01:58:43+00:00\",\"description\":\"Page du club de football f\u00e9minin SCAF fond\u00e9 en 2023 \u00e0 Aix-en-Provence pr\u00e8s de Luynes, Bouc Bel Air, Gardanne et Marseille.\",\"breadcrumb\":{\"@id\":\"https:\\\/\\\/sc-aix.fr\\\/index.php\\\/actualites-association\\\/#breadcrumb\"},\"inLanguage\":\"fr-FR\",\"potentialAction\":[{\"@type\":\"ReadAction\",\"target\":[\"https:\\\/\\\/sc-aix.fr\\\/index.php\\\/actualites-association\\\/\"]}]},{\"@type\":\"BreadcrumbList\",\"@id\":\"https:\\\/\\\/sc-aix.fr\\\/index.php\\\/actualites-association\\\/#breadcrumb\",\"itemListElement\":[{\"@type\":\"ListItem\",\"position\":1,\"name\":\"Accueil\",\"item\":\"https:\\\/\\\/sc-aix.fr\\\/\"},{\"@type\":\"ListItem\",\"position\":2,\"name\":\"Actualit\u00e9s\"}]},{\"@type\":\"WebSite\",\"@id\":\"https:\\\/\\\/sc-aix.fr\\\/#website\",\"url\":\"https:\\\/\\\/sc-aix.fr\\\/\",\"name\":\"Soccer Club Aix-en-Provence F\u00e9minines\",\"description\":\"Un club de football 100% F\u00e9minin au c\u0153ur d&#039;Aix-en-Provence.\",\"publisher\":{\"@id\":\"https:\\\/\\\/sc-aix.fr\\\/#organization\"},\"alternateName\":\"SCAF\",\"potentialAction\":[{\"@type\":\"SearchAction\",\"target\":{\"@type\":\"EntryPoint\",\"urlTemplate\":\"https:\\\/\\\/sc-aix.fr\\\/?s={search_term_string}\"},\"query-input\":{\"@type\":\"PropertyValueSpecification\",\"valueRequired\":true,\"valueName\":\"search_term_string\"}}],\"inLanguage\":\"fr-FR\"},{\"@type\":\"Organization\",\"@id\":\"https:\\\/\\\/sc-aix.fr\\\/#organization\",\"name\":\"Soccer Club Aix-en-Provence F\u00e9minines\",\"alternateName\":\"SCAF\",\"url\":\"https:\\\/\\\/sc-aix.fr\\\/\",\"logo\":{\"@type\":\"ImageObject\",\"inLanguage\":\"fr-FR\",\"@id\":\"https:\\\/\\\/sc-aix.fr\\\/#\\\/schema\\\/logo\\\/image\\\/\",\"url\":\"https:\\\/\\\/sc-aix.fr\\\/wp-content\\\/uploads\\\/2023\\\/03\\\/logo_aix_260x260.png\",\"contentUrl\":\"https:\\\/\\\/sc-aix.fr\\\/wp-content\\\/uploads\\\/2023\\\/03\\\/logo_aix_260x260.png\",\"width\":260,\"height\":260,\"caption\":\"Soccer Club Aix-en-Provence F\u00e9minines\"},\"image\":{\"@id\":\"https:\\\/\\\/sc-aix.fr\\\/#\\\/schema\\\/logo\\\/image\\\/\"},\"sameAs\":[\"https:\\\/\\\/www.facebook.com\\\/SportingClubAixois\\\/\",\"https:\\\/\\\/www.instagram.com\\\/scaixf\\\/\",\"https:\\\/\\\/www.youtube.com\\\/@SportingClubAix\",\"https:\\\/\\\/www.tiktok.com\\\/@scaixf\"]}]}<\/script>\n<!-- \/ Yoast SEO plugin. -->","yoast_head_json":{"title":"Actualit\u00e9s | Site officiel du Soccer Club Aix-en-Provence F\u00e9minines","description":"Page du club de football f\u00e9minin SCAF fond\u00e9 en 2023 \u00e0 Aix-en-Provence pr\u00e8s de Luynes, Bouc Bel Air, Gardanne et Marseille.","robots":{"index":"index","follow":"follow","max-snippet":"max-snippet:-1","max-image-preview":"max-image-preview:large","max-video-preview":"max-video-preview:-1"},"canonical":"https:\/\/sc-aix.fr\/index.php\/actualites-association\/","og_locale":"fr_FR","og_type":"article","og_title":"Actualit\u00e9s | Site officiel du Soccer Club Aix-en-Provence F\u00e9minines","og_description":"Page du club de football f\u00e9minin SCAF fond\u00e9 en 2023 \u00e0 Aix-en-Provence pr\u00e8s de Luynes, Bouc Bel Air, Gardanne et Marseille.","og_url":"https:\/\/sc-aix.fr\/index.php\/actualites-association\/","og_site_name":"Site officiel du Soccer Club Aix-en-Provence F\u00e9minines","article_publisher":"https:\/\/www.facebook.com\/SportingClubAixois\/","article_modified_time":"2025-11-28T01:58:43+00:00","og_image":[{"width":1200,"height":675,"url":"https:\/\/sc-aix.fr\/wp-content\/uploads\/2023\/09\/logo_yoast.jpg","type":"image\/jpeg"}],"schema":{"@context":"https:\/\/schema.org","@graph":[{"@type":"WebPage","@id":"https:\/\/sc-aix.fr\/index.php\/actualites-association\/","url":"https:\/\/sc-aix.fr\/index.php\/actualites-association\/","name":"Actualit\u00e9s | Site officiel du Soccer Club Aix-en-Provence F\u00e9minines","isPartOf":{"@id":"https:\/\/sc-aix.fr\/#website"},"datePublished":"2023-06-07T11:30:06+00:00","dateModified":"2025-11-28T01:58:43+00:00","description":"Page du club de football f\u00e9minin SCAF fond\u00e9 en 2023 \u00e0 Aix-en-Provence pr\u00e8s de Luynes, Bouc Bel Air, Gardanne et Marseille.","breadcrumb":{"@id":"https:\/\/sc-aix.fr\/index.php\/actualites-association\/#breadcrumb"},"inLanguage":"fr-FR","potentialAction":[{"@type":"ReadAction","target":["https:\/\/sc-aix.fr\/index.php\/actualites-association\/"]}]},{"@type":"BreadcrumbList","@id":"https:\/\/sc-aix.fr\/index.php\/actualites-association\/#breadcrumb","itemListElement":[{"@type":"ListItem","position":1,"name":"Accueil","item":"https:\/\/sc-aix.fr\/"},{"@type":"ListItem","position":2,"name":"Actualit\u00e9s"}]},{"@type":"WebSite","@id":"https:\/\/sc-aix.fr\/#website","url":"https:\/\/sc-aix.fr\/","name":"Soccer Club Aix-en-Provence F\u00e9minines","description":"Un club de football 100% F\u00e9minin au c\u0153ur d&#039;Aix-en-Provence.","publisher":{"@id":"https:\/\/sc-aix.fr\/#organization"},"alternateName":"SCAF","potentialAction":[{"@type":"SearchAction","target":{"@type":"EntryPoint","urlTemplate":"https:\/\/sc-aix.fr\/?s={search_term_string}"},"query-input":{"@type":"PropertyValueSpecification","valueRequired":true,"valueName":"search_term_string"}}],"inLanguage":"fr-FR"},{"@type":"Organization","@id":"https:\/\/sc-aix.fr\/#organization","name":"Soccer Club Aix-en-Provence F\u00e9minines","alternateName":"SCAF","url":"https:\/\/sc-aix.fr\/","logo":{"@type":"ImageObject","inLanguage":"fr-FR","@id":"https:\/\/sc-aix.fr\/#\/schema\/logo\/image\/","url":"https:\/\/sc-aix.fr\/wp-content\/uploads\/2023\/03\/logo_aix_260x260.png","contentUrl":"https:\/\/sc-aix.fr\/wp-content\/uploads\/2023\/03\/logo_aix_260x260.png","width":260,"height":260,"caption":"Soccer Club Aix-en-Provence F\u00e9minines"},"image":{"@id":"https:\/\/sc-aix.fr\/#\/schema\/logo\/image\/"},"sameAs":["https:\/\/www.facebook.com\/SportingClubAixois\/","https:\/\/www.instagram.com\/scaixf\/","https:\/\/www.youtube.com\/@SportingClubAix","https:\/\/www.tiktok.com\/@scaixf"]}]}},"_links":{"self":[{"href":"https:\/\/sc-aix.fr\/index.php\/wp-json\/wp\/v2\/pages\/6665","targetHints":{"allow":["GET"]}}],"collection":[{"href":"https:\/\/sc-aix.fr\/index.php\/wp-json\/wp\/v2\/pages"}],"about":[{"href":"https:\/\/sc-aix.fr\/index.php\/wp-json\/wp\/v2\/types\/page"}],"author":[{"embeddable":true,"href":"https:\/\/sc-aix.fr\/index.php\/wp-json\/wp\/v2\/users\/1"}],"replies":[{"embeddable":true,"href":"https:\/\/sc-aix.fr\/index.php\/wp-json\/wp\/v2\/comments?post=6665"}],"version-history":[{"count":0,"href":"https:\/\/sc-aix.fr\/index.php\/wp-json\/wp\/v2\/pages\/6665\/revisions"}],"wp:attachment":[{"href":"https:\/\/sc-aix.fr\/index.php\/wp-json\/wp\/v2\/media?parent=6665"}],"curies":[{"name":"wp","href":"https:\/\/api.w.org\/{rel}","templated":true}]}}